te the remainder when 111 is divided by 71/9 - 33/(-297).
7
Suppose -32*v + 12*v + 520 = 0. Calculate the remainder when v is divided by 15.
11
Suppose -20 = 5*d, -6*d = l - 8*d - 90. What is the remainder when l is divided by 7?
5
Let x be -148 - (-6 + 4/(12/9)). Let i = x - -210. What is the remainder when i is divided by 23?
19
Let g = 95 + -78. Calculate the remainder when 29 is divided by g.
12
Let n(v) = 2*v - 5. Let w be n(8). Suppose -673 = -5*j - f, -7*f = 2*j - 3*f - 280. What is the remainder when j is divided by w*3 - 2/(-2)?
32
Suppose 25 = o - 4. Let r(l) = l**3 - l**2 - 22*l - 27. Calculate the remainder when r(7) is divided by o.
26
Let v be 1 - (4 - 24/4). Let z = v + 43. Calculate the remainder when z is divided by 0/(-2) + -1 - -25.
22
Let d be 1/(-5) + 88/40. Let v = 12 + d. Calculate the remainder when v is divided by 116/14 - (-12)/(-42).
6
Suppose -2*r = -3*a + 27, -a + 2*r + 0*r + 5 = 0. Let s = -78 - -98. Calculate the remainder when s is divided by a.
9
Let i(o) = 6*o**2 + o - 1. Let g(z) = 31*z**2 + 6*z - 4. Let j(x) = -4*g(x) + 22*i(x). Calculate the remainder when j(3) is divided by 21.
18
Let o(k) = 3*k**2 - 24*k + 32. What is the remainder when o(8) is divided by 5?
2
Suppose -4*k = -2*k - 34. Suppose -426 = 5*q + a, -3*q - 4*a - 246 = -a. Let x = q + 151. What is the remainder when x is divided by k?
14
Let d(u) = u**3 + u**2 + 291. Let y be d(0). Let p = -64 + y. Suppose 5*g = p - 82. Calculate the remainder when g is divided by 8.
5
Let g = -63 - -14. Suppose 119 + 53 = 2*v. Let m = g + v. What is the remainder when m is divided by 10?
7
Let b = -21 - -32. Let c(t) = -t**3 + 7*t**2 + 5*t - 16. Calculate the remainder when c(7) is divided by b.
8
Let f(y) = y**3 + 6*y**2 + 7*y + 4. Let h = -12 + 40. Let g = h + 1. Calculate the remainder when g is divided by f(-4).
5
Let v(m) = 33*m - 25. What is the remainder when v(5) is divided by 21?
14
Let i(z) = -z**3 - 6*z**2 - 7*z - 9. Let h be i(-4). What is the remainder when (-7 - -6)/(2/16)*h is divided by 15?
14
Let t = -1128 - -1144. Let f = 1 - -62. What is the remainder when f is divided by t?
15
Let k(v) = 22*v + 3. Let t be k(-3). Let q = -37 - t. What is the remainder when q is divided by 9?
8
Let g = 30 + 149. Suppose -g*d + 180*d = 15. Calculate the remainder when 117 is divided by d.
12
Let j = 306 - 291. Calculate the remainder when 111 is divided by j.
6
Suppose 3*w - 32 + 6 = -4*l, 3*w - 58 = 4*l. Let h(d) = 2*d + 2. What is the remainder when w - (3/1 + -5) is divided by h(2)?
4
Calculate the remainder when -56 + 62 + (67 - -1) + 1 is divided by 14.
5
Let a(d) = 7*d + 7. Suppose 4*m - 10 - 15 = -5*t, 5*t + m = 25. Let o(n) = n**3 - 50*n**2 - 161*n + 128. Calculate the remainder when a(t) is divided by o(53).
20
Suppose 125 = 2*g - 5*b, 0 = b - 2*b + 3. Let d = 46 + -28. What is the remainder when g is divided by d?
16
Let i(t) = 4*t + 25. Let u(b) = -5*b - 24. Let z(s) = 6*i(s) + 5*u(s). What is the remainder when 37 is divided by z(10)?
17
Suppose 15*a = 14*a + 37. What is the remainder when 182 is divided by a?
34
Suppose -5*a - 5*n + 675 = 0, 3*n = 5*a - 324 - 319. Suppose 5*t - 65 = 100. What is the remainder when a is divided by t?
32
Let t be (-1 - -1)*4/12. What is the remainder when (1 - -65) + (t + 2 - 5) is divided by 17?
12
Let r(k) = -k**3 + 6*k**2 + 5*k + 4. Let q be r(7). What is the remainder when (-264)/q - 24/(-40) is divided by 10?
7
Suppose 0 = -10*l - 0 + 80. Calculate the remainder when 29 is divided by l.
5
Suppose -12 = -3*n - 2*i + 4, 0 = 4*i - 20. Let z = 19 + -17. What is the remainder when n is divided by z?
0
Calculate the remainder when 72 is divided by ((-40)/15)/((-5)/15).
0
Suppose -64 = -4*u - 4*k, -k + 52 = 3*u + u. Let w(m) = -7*m - 123. What is the remainder when w(-24) is divided by u?
9
Let u(p) be the second derivative of 0 - 3*p - p**2 + 1/3*p**4 + 1/3*p**3. Calculate the remainder when 53 is divided by u(2).
17
Let a(s) = -2*s**3 + 25*s**2 - 10*s - 10. Calculate the remainder when 318 is divided by a(12).
10
Let m be 114/(-18) + 2/(-3). Calculate the remainder when (2 + 24/(-9) + 0)*-24 is divided by (-2)/m + 40/7.
4
Suppose v - 2*z = 89, 0 = 13*v - 16*v - 3*z + 258. Suppose 0 = -2*b + 3*b + 4. Let m = 26 + b. Calculate the remainder when v is divided by m.
21
Let m(t) = t + 16. Let x = 7 + -18. Let v be m(x). Calculate the remainder when 29 is divided by (-1)/(3 - 16/v).
4
Suppose 0 = 4*w + 251 - 695. Calculate the remainder when w is divided by 2160/112 + (3/(-9) - 2/(-42)).
16
Suppose -5*l = -15, -4*x + 2*x + l = -149. Suppose h + x = 4*y - 3*h, -h = -3*y + 61. Calculate the remainder when 188 is divided by y.
20
Let m be (1 - (-3)/(-5)) + 126/10. Suppose m = -3*w + 4*w. Let r = -80 + 131. What is the remainder when r is divided by w?
12
Let h = -51 + 106. Suppose 55 + h = 2*t. What is the remainder when t is divided by 20?
15
Let n = -23 + 48. Let m = -30 + 34. What is the remainder when (-1 + -93)*(-2)/m is divided by n?
22
Let g(d) = -7*d + 3. Let x be g(-4). Suppose -2*k + x - 5 = 0. Suppose -233 - 22 = -5*w. What is the remainder when w is divided by k?
12
Let x = 874 + -872. Suppose -k + 21 = 2*k + 2*q, 0 = q + 3. Let a = -7 + k. What is the remainder when a is divided by x?
0
Let o be (-2)/(-2)*46 + 1. Suppose -o - 1 = -4*r. Let x(c) = -5*c - 65. What is the remainder when r is divided by x(-14)?
2
Suppose 0 = -2*s - 0*s - 5*r + 17, 5*r = -3*s + 23. Suppose 2*k = -0*k + s. Suppose -8*c + 109 = 69. What is the remainder when c is divided by k?
2
Let a = -497 + 808. Calculate the remainder when a is divided by 15.
11
Suppose 0 = -4*r - 2*w + 120, -2*w - 56 = -3*r + 48. Calculate the remainder when 103 is divided by r.
7
Suppose -8 = -x + 91. Suppose x = 2*y - 15. Calculate the remainder when y is divided by 15.
12
Suppose 878 = 7*x + 227. Let t = x - 76. Calculate the remainder when 24 is divided by t.
7
Suppose 2*u = u - 2*q + 112, 117 = u - 3*q. Suppose 17*s = 79*s - 1798. What is the remainder when u is divided by s?
27
What is the remainder when (-1)/(3248/1084 + (-16 - -13)) is divided by 62?
23
Let x(l) = 16*l**2 - 2*l + 1. Let f be 1 - 5 - (-1 + -63). Let y = f - 3. Calculate the remainder when y is divided by x(1).
12
Let r = -43 + 71. Suppose 0 = 2*p + 4, 0 = -8*k + 7*k - 3*p. Calculate the remainder when r is divided by k.
4
Let j = -1104 - -1134. What is the remainder when 191 is divided by j?
11
Let z = -110 + 120. What is the remainder when 87 is divided by 6/z - 714/(-85)?
6
Let s = -6 + 24. Let h(t) = t**2 + 10*t + 7. Calculate the remainder when s is divided by h(-10).
4
Calculate the remainder when 80 is divided by (-20)/(-10)*5/(15/21).
10
Let d(t) = 5*t - 4. Suppose -2*z = z - 285. Suppose -r - z = -6*r. Calculate the remainder when d(8) is divided by r.
17
Suppose 258 = 2*s + 90. Calculate the remainder when s is divided by 43.
41
Suppose -4*y + 2*k + 448 = 102, 3*k - 161 = -2*y. What is the remainder when 178 is divided by y?
8
Suppose 44*u = 1564 + 196. What is the remainder when 316 is divided by u?
36
What is the remainder when 94 is divided by ((-28)/(-8)*1)/(1/4)?
10
Suppose -2*w + 4*x = -448, 4*x = -1 - 11. Calculate the remainder when w is divided by 56.
50
Let d(y) = 7*y**3 + 7*y**2 - 13*y + 1. Let b(t) = -11*t**3 - 11*t**2 + 20*t - 1. Let v(w) = 5*b(w) + 8*d(w). What is the remainder when 12 is divided by v(2)?
5
Let m(d) = -d**2 + 34*d + 61. Calculate the remainder when 99 is divided by m(35).
21
Suppose 5*f = 25, k + 5 - 2 = 4*f. Calculate the remainder when 147 is divided by k.
11
Suppose 1 = 3*b + i, -1 = 4*b - 9*b - i. Suppose t = -b*t. Suppose t = -2*w + 14 - 0. Calculate the remainder when w is divided by 3.
1
Suppose -6*y + 40 = -4*y. Suppose -4*z - b = 195, -2*b = -4*z - 190 - y. What is the remainder when 48 is divided by (-870)/z - 2/5?
14
Let p(j) = -j**3 + 9*j**2 + 9*j - 8. Let o = -49 - -57. Calculate the remainder when p(o) is divided by 13.
11
Suppose -b + 4*u = -10, -4*b = b + 2*u - 28. Calculate the remainder when b + 7 + 2*2 is divided by -2 + 22*1/2.
8
Suppose 0 = 13*w - 1441 + 154. Calculate the remainder when w is divided by 17.
14
Let j(x) be the third derivative of x**6/120 + x**5/15 - x**4/3 - x**3 - 32*x**2. What is the remainder when 32 is div